the hundred thousands digit of 127797062?
7
What is the units digit of 18691212?
2
What is the ten thousands digit of 414065363?
6
What is the thousands digit of 52607859?
7
What is the billions digit of 4329272413?
4
What is the ten thousands digit of 1853399658?
9
What is the ten thousands digit of 38645303?
4
What is the units digit of 267421573?
3
What is the units digit of 97011274?
4
What is the units digit of 1177496086?
6
What is the hundreds digit of 319663122?
1
What is the tens digit of 166247256?
5
What is the thousands digit of 629484933?
4
What is the units digit of 392535492?
2
What is the millions digit of 478994181?
8
What is the thousands digit of 353793896?
3
What is the billions digit of 1387141666?
1
What is the millions digit of 64578868?
4
What is the hundred thousands digit of 6016348361?
3
What is the millions digit of 52295499?
2
What is the hundreds digit of 305549947?
9
What is the hundred thousands digit of 134824144?
8
What is the ten thousands digit of 84223267?
2
What is the ten thousands digit of 283526893?
2
What is the units digit of 4410882872?
2
What is the hundred thousands digit of 242072267?
0
What is the hundred thousands digit of 45930433?
9
What is the hundreds digit of 67862663?
6
What is the hundred millions digit of 1209080488?
2
What is the hundred thousands digit of 3134619418?
6
What is the hundred millions digit of 645897256?
6
What is the tens digit of 139037573?
7
What is the thousands digit of 86512840?
2
What is the hundreds digit of 32760651?
6
What is the hundred thousands digit of 38047907?
0
What is the hundred thousands digit of 36053304?
0
What is the tens digit of 141982727?
2
What is the hundred thousands digit of 118692305?
6
What is the ten millions digit of 77215934?
7
What is the millions digit of 1050819232?
0
What is the ten thousands digit of 89488511?
8
What is the billions digit of 1627370551?
1
What is the tens digit of 68020951?
5
What is the millions digit of 35288234?
5
What is the billions digit of 2372209208?
2
What is the thousands digit of 53500842?
0
What is the ten millions digit of 578784608?
7
What is the hundred thousands digit of 3025573384?
5
What is the ten thousands digit of 197325399?
2
What is the ten millions digit of 365582313?
6
What is the hundred thousands digit of 46325114?
3
What is the millions digit of 991379683?
1
What is the hundreds digit of 20282559?
5
What is the millions digit of 49454806?
9
What is the thousands digit of 36037762?
7
What is the billions digit of 2378432191?
2
What is the hundred thousands digit of 195267658?
2
What is the hundreds digit of 166800104?
1
What is the hundred millions digit of 242158323?
2
What is the millions digit of 607154647?
7
What is the ten thousands digit of 222784996?
8
What is the units digit of 59605222?
2
What is the hundreds digit of 46736339?
3
What is the ten thousands digit of 6049214345?
1
What is the ten millions digit of 113117957?
1
What is the ten millions digit of 125405778?
2
What is the tens digit of 75197909?
0
What is the hundred millions digit of 341412060?
3
What is the tens digit of 113213749?
4
What is the thousands digit of 829435879?
5
What is the tens digit of 93131831?
3
What is the hundred millions digit of 1826886059?
8
What is the units digit of 718822181?
1
What is the ten millions digit of 21286846?
2
What is the units digit of 11105028?
8
What is the ten thousands digit of 10457100?
5
What is the ten millions digit of 48922009?
4
What is the hundreds digit of 28816826?
8
What is the ten thousands digit of 110115631?
1
What is the millions digit of 36078711?
6
What is the ten millions digit of 4875172465?
7
What is the hundred millions digit of 1986792797?
9
What is the hundreds digit of 67764073?
0
What is the hundreds digit of 30654641?
6
What is the millions digit of 3995121435?
5
What is the millions digit of 102947441?
2
What is the ten thousands digit of 2711513021?
1
What is the ten millions digit of 6475765275?
7
What is the ten thousands digit of 330776068?
7
What is the thousands digit of 32288013?
8
What is the millions digit of 154849216?
4
What is the thousands digit of 2336484?
6
What is the hundreds digit of 254804537?
5
What is the tens digit of 1185946703?
0
What is the thousands digit of 295461754?
1
What is the ten thousands digit of 1388203090?
0
What is the tens digit of 1402511087?
8
What is the hundred thousands digit of 211263987?
2
What is the hundred millions digit of 962446669?
9
What is the hundred thousands digit of 751201427?
2
What is the hundreds digit of 506042068?
0
What is the millions digit of 1652112421?
2
What is the hundred thousands digit of 343225418?
2
What is the millions digit of 67680373?
7
What is the units digit of 89521116?
6
What is the tens digit of 4607490?
9
What is the thousands digit of 12887105?
7
What is the hundred thousands digit of 29686479?
6
What is the millions digit of 283015192?
3
What is the hundred thousands digit of 952066125?
0
What is the millions digit of 284595909?
4
What is the hundred thousands digit of 459101560?
1
What is the ten millions digit of 21643981?
2
What is the units digit of 92877275?
5
What is the thousands digit of 58755364?
5
What is the billions digit of 1026576773?
1
What is the ten millions digit of 26687970?
2
What is the tens digit of 60503776?
7
What is the ten thousands digit of 1030521503?
2
What is the hundreds digit of 3449050889?
8
What is the millions digit of 33956892?
3
What is the thousands digit of 71062418?
2
What is the hundreds digit of 619418056?
0
What is the hundred millions digit of 756211479?
7
What is the millions digit of 3294527432?
4
What is the hundred millions digit of 932100011?
9
What is the ten thousands digit of 575672687?
7
What is the billions digit of 2154309914?
2
What is the millions digit of 16373741?
6
What is the thousands digit of 267078590?
8
What is the tens digit of 106195573?
7
What is the hundred thousands digit of 108985911?
9
What is the ten millions digit of 348057811?
4
What is the hundred millions digit of 1295922987?
2
What is the millions digit of 73164827?
3
What is the hundreds digit of 810310182?
1
What is the hundreds digit of 753468261?
2
What is the units digit of 642644572?
2
What is the hundreds digit of 152254623?
6
What is the millions digit of 284271200?
4
What is the tens digit of 16476143?
4
What is the units digit of 1301376747?
7
What is the hundreds digit of 1977318713?
7
What is the hundreds digit of 4780969?
9
What is the units digit of 2060865366?
6
What is the units digit of 81303513?
3
What is the thousands digit of 5104850464?
0
What is the tens digit of 52430157?
5
What is the millions digit of 310763874?
0
What is the ten thousands digit of 1561246801?
4
What is the hundreds digit of 28961962?
9
What is the ten millions digit of 356154614?
5
What is the millions digit of 879234694?
9
What is the millions digit of 2098086733?
8
What is the hundreds digit of 137727441?
4
What is the hundred millions digit of 817028703?
8
What is the hundreds digit of 18118162?
1
What is the units digit of 10803003?
3
What is the hundred thousands digit of 14266142?
2
What is the units digit of 72183878?
8
What is the ten thousands digit of 1883909338?
0
What is the tens digit of 428950325?
2
What is the units digit of 454633786?
6
What is the units digit of 41084805?
5
What is the units digit of 63965549?
9
What is the hundreds digit of 9159592?
5
What is the thousands digit of 29493217?
3
What is the units digit of 188180827?
7
What is the hundred millions digit of 159794125?
1
What is the millions digit of 175246299?
5
What is the thousands digit of 962883182?
3
What is the tens digit of 10832849?
4
What is the millions digit of 331559102?
1
What is the units digit of 61508293?
3
What is the units digit of 26491455?
5
What is the hundred thousands digit of 940960?
9
What is the hundred millions digit of 701206667?
7
What is the millions digit of 68456958?
8
What is the hundred thousands digit of 13121370?
1
What is the units digit of 764526898?
8
What is the tens digit of 44004507?
0
What is the ten thousands digit of 1353789055?
8
What is the tens digit of 50853212?
1
What is the tens digit of 1219941098?
9
What is th